387 and v.
387
Let n = -137 - -199. Let y be (-4)/12*(-524 - (0 + 4)). Let z be 5522/y + 9/(-24). Calculate the highest common factor of n and z.
31
Let q be 9*(2104/72 + -7). What is the greatest common factor of 275 and q?
25
Suppose -19*b + 15633 = 3568 - 2983. What is the greatest common divisor of 288 and b?
72
Let o be (6/24*6)/(3/(-78)). Let k = o - -43. Calculate the highest common factor of k and 3.
1
Let d = 1059 - 1046. Let r(u) = 23*u - 1. Let p be r(4). What is the greatest common factor of d and p?
13
Suppose 6*a - 310 - 446 = 0. Let k be (a/364 - 4/(-26))*2520. Calculate the greatest common factor of k and 63.
63
Let w be (-167)/(((-328)/820)/(1 + 9/5)). What is the greatest common divisor of 259 and w?
7
Let k = -6373 + 6553. What is the highest common divisor of 80 and k?
20
Suppose -181*h = -178*h - 5*z - 544, -5*h = 3*z - 884. What is the highest common divisor of 2403 and h?
89
Let d be (268872/(-238))/((-54)/196) + 16/(-36). What is the highest common factor of 250 and d?
50
Suppose 22153*j - 22127*j - 92170 = 0. What is the greatest common factor of 10 and j?
5
Suppose 2*y = u + 2063, -327*y = -322*y + 5*u - 5165. Calculate the greatest common factor of y and 48.
24
Suppose 3*g - 24 = 3*v, 5*v - 17 + 1 = -3*g. Suppose -4*i = -186 - 10. What is the highest common factor of i and g?
7
Suppose -4*k = 32, 5*q + 3*k = 6305 - 464. What is the highest common factor of 299 and q?
23
Suppose -10*a = -3*a. Suppose 3*q - 12*t + 8*t - 210 = a, -q = -2*t - 68. Calculate the highest common divisor of q and 37.
37
Let w = 348 - 29. Let l(q) = -q + 1. Let v be l(-10). Calculate the greatest common divisor of v and w.
11
Let q be (-4 - 0) + (36 - 12). Let g be 168*(115/q + -5). What is the greatest common divisor of 28 and g?
14
Let m(l) = 43*l**3 - 16*l**2 + 35*l. Let s be m(3). What is the highest common divisor of s and 66?
66
Let c(f) = -10*f**2 + 82*f. Let l be c(8). Suppose -l = 7*z - 93. Suppose 5*s + i = 59, -20 = -3*i - 2*i. What is the greatest common divisor of z and s?
11
Let x(l) be the first derivative of 5*l**2/2 + 57*l - 33. Let p be x(-3). Calculate the greatest common divisor of p and 273.
21
Suppose 4*j + 2*y - 226 = 0, -4*j + 137 + 54 = -5*y. Calculate the highest common factor of j and 2862.
54
Let v = 13 + -9. Let d be v/14 - 8460/(-35). Let x be 134/11 + 2 + (-44)/d. Calculate the highest common factor of 49 and x.
7
Let x = 397 + -355. Suppose -46*p + x*p + 80 = 0. What is the highest common divisor of p and 190?
10
Let b(w) = w + 119. Let n be b(-29). What is the highest common divisor of n and 795?
15
Let p = 38 + -33. Suppose -4*i + 1740 = p*v, 9*v - 4*v - 1745 = -3*i. What is the highest common divisor of 32 and v?
32
Suppose 66 = -10*u + 6. Let m be 9/u*84/(-9). Let a = -31 + 87. What is the highest common factor of m and a?
14
Let o be 8 + -4 + (1 - (-84)/3). Suppose -o*u = 3*g - 37*u - 887, 0 = -5*g + 5*u + 1480. What is the highest common factor of g and 33?
33
Let i(c) = c**2 - 4*c + 1. Suppose 13*g - 119 + 28 = 0. Let j be i(g). What is the highest common divisor of 99 and j?
11
Let j(v) = -115*v**3 + 21*v**2 + 52*v + 31. Let p be j(-2). Calculate the greatest common factor of 19 and p.
19
Suppose -v - 317 - 314 = 0. Let u = v + 653. Calculate the greatest common divisor of u and 44.
22
Let b = 2897 - 2420. Suppose 2*k - 31 = -2*k + 5*p, 11 = k + 2*p. Calculate the greatest common divisor of b and k.
9
Let x be (-663)/(-13) + 0/(-2). Let q(b) = b**3 - 15*b**2 - 29*b + 111. Let g be q(18). What is the greatest common factor of x and g?
51
Let q(v) be the first derivative of -2*v**2 - 18*v + 30. Let a be q(-5). Let n be (-24)/((-6)/6) - (0 + a). What is the highest common divisor of n and 121?
11
Suppose 0 = 4*q + 3*t - 7 - 18, 3*q = t + 9. Suppose 6*c = q*c + 70. What is the highest common factor of c and 35?
35
Suppose 0*g + 3*x = 5*g + 896, -890 = 5*g - 5*x. Let n = g - -229. Calculate the highest common factor of 32 and n.
16
Let v be (26 - 23) + (-442)/(-2). Let w = 48 + -34. What is the greatest common divisor of v and w?
14
Suppose -4*h = -5 - 27. Suppose -3*p + 59 = h*x - 3*x, -32 = -4*p + 5*x. What is the highest common divisor of p and 143?
13
Suppose 0 = 5*b + j - 298, b = 8*j - 4*j + 68. Calculate the highest common divisor of 4720 and b.
20
Let n = 1696 + -1644. What is the highest common divisor of 117 and n?
13
Let y(z) = -z**3 + 6*z**2 - 5*z + 4. Let r(g) = -5*g - 39. Let l be r(-7). Let v be y(l). What is the greatest common divisor of 46 and v?
46
Let g = -19 - -23. Let f be -2 - (2 + -116) - g. Suppose -h = -p - 17, 1 = 5*h - 7*h - 5*p. What is the greatest common divisor of f and h?
12
Suppose -2105 = -o - 23*q + 25*q, -4*o + 8365 = 3*q. What is the greatest common factor of 5 and o?
5
Let d(r) = -r**2 + r + 39. Let u = 12 - 7. Suppose u*n - 14*n = 45. Let f be d(n). What is the greatest common divisor of f and 3?
3
Let u(z) = -15*z**2 + 8*z + 6 - 3*z + 6*z**2 + 10*z**2. Let s be u(-2). Let y be s - (-143)/3 - 1/(-3). Calculate the greatest common divisor of y and 12.
12
Suppose -v + 38 = 3*k, 21*v = 19*v - 3*k + 55. Let z = -42 + 25. Let q be 1*z*(2 + -6). What is the greatest common divisor of q and v?
17
Let g be ((-4)/5)/(24/(-60)). Suppose -z - 1 = -3*l - l, -2*z - 3*l = g. Let i be (-1 - z) + (-2 - -57). Calculate the greatest common divisor of i and 22.
11
Let z(f) = 10*f + 325. Let w(r) = -r - 27. Let o(c) = -35*w(c) - 3*z(c). Let l be o(18). Calculate the greatest common divisor of l and 15.
15
Let r = 19977 - 10664. Calculate the highest common divisor of r and 139.
139
Suppose 10*i - 5*i = 2*a + 9, -5 = -i. Suppose a*p = 12*p + 4. Let y be 770/28*(p - -7). Calculate the greatest common divisor of 33 and y.
33
Let b be 16/(0 + 4) - -2. Let u(h) = 364*h - 3954. Let i be u(12). What is the highest common divisor of b and i?
6
Suppose -26*s + 21*s + 148 = x, 3*x = -s + 542. What is the highest common divisor of 1952 and x?
61
Suppose -3*a - 18 = 0, -218*a + 220*a - 772 = -t. What is the highest common factor of t and 4?
4
Suppose -2*r = -2, r = -i - 0*r + 1. Suppose 5*n = -s + 173, -3*s - 3*n + 18 + 561 = i. Calculate the highest common divisor of s and 264.
66
Suppose 5*y - 5*m - 1750 = 0, 3054*y - 3059*y + 2*m + 1750 = 0. Calculate the greatest common divisor of 2338 and y.
14
Suppose -r = 2*z - 135, 4*r + 42*z = 41*z + 582. What is the highest common factor of r and 672?
21
Suppose -4*q = -z - 1280, -q - 1066*z + 320 = -1070*z. What is the greatest common divisor of q and 740?
20
Let d = -2668 + 3084. What is the highest common factor of d and 8?
8
Suppose d - 3*k - 126 = 2*k, 0 = -2*d + 2*k + 268. Suppose -12 = -6*i - 210. Let r = 50 + i. What is the greatest common factor of d and r?
17
Suppose 2*s = -4 + 32. Let a(w) = w**2 - 14*w + 38. Let i be a(11). Suppose n = i*n - 616. What is the highest common factor of s and n?
14
Let q = -255 - -260. Suppose -6 = i + o - 19, 2*i - 11 = -q*o. What is the highest common divisor of i and 189?
9
Suppose -7*a + 3766 = -812. Calculate the greatest common factor of 109 and a.
109
Let l(q) = q**3 - 20*q**2 + 6*q + 570. Let v be l(18). Calculate the highest common divisor of 16410 and v.
30
Let x = 2 + 1. Suppose 3*w - 20 = 2*f, 3*w + 2*f = f + 35. Let z be (84/w)/(-4 - (-198)/45). What is the highest common factor of x and z?
3
Let f(w) = 8*w**2 - 8*w - 54. Let g be f(-5). Let y(i) = 6*i - 36. Let z be y(7). Calculate the highest common divisor of z and g.
6
Let o(d) = -d**2 + 6*d - 7. Let l be o(5). Let k = -157 + 205. Let i be (-1)/1*k/l. What is the highest common divisor of 264 and i?
24
Suppose -53*u - 7704 = -58*u + n, -3*u - 4*n = -4627. What is the highest common divisor of 115 and u?
23
Suppose t + 7 = 31. Suppose -t = -5*m + 2*m. Suppose 7*d - 96 = 16. Calculate the greatest common divisor of m and d.
8
Let l(j) = -3*j**3 - 25*j**2 + 9*j - 56. Let n be l(-9). Calculate the highest common factor of 36 and n.
1
Suppose 7*p + 3363 = 31*p + 35*p. Calculate the greatest common factor of 3515 and p.
19
Let k(d) = -38*d**2 + 16*d - 12. Let g(x) = -153*x**2 + 65*x - 48. Let w(q) = 2*g(q) - 9*k(q). Let b be w(4). Calculate the greatest common divisor of b and 28.
28
Suppose -362 - 582 = 4*d. Let m = -227 - d. Let z be (47 - (0 + 1)) 